{"id":559,"date":"2019-10-13T09:23:57","date_gmt":"2019-10-13T07:23:57","guid":{"rendered":"https:\/\/ilearnonline.be\/?page_id=559"},"modified":"2019-10-13T10:51:34","modified_gmt":"2019-10-13T08:51:34","slug":"u1-gtky","status":"publish","type":"page","link":"https:\/\/ilearnonline.be\/index.php\/software\/u1-gtky\/","title":{"rendered":"U1 &#8211; GTKY"},"content":{"rendered":"<h4><strong>Table des mati\u00e8res<\/strong><\/h4>\n<ol>\n<li style=\"list-style-type: none;\">\n<ol>\n<li><a href=\"#A1\">Correction \u00ab\u00a0<em>The English Venice<\/em>\u00ab\u00a0<\/a><\/li>\n<li>&#8230;<\/li>\n<\/ol>\n<\/li>\n<\/ol>\n<hr \/>\n<h5><a name=\"A1\"><\/a><strong>1. <em>The English Venice<\/em><\/strong><\/h5>\n<ul>\n<li><strong>Donn\u00e9es personnelles de Pauline<\/strong>\n<ul>\n<li><span style=\"text-decoration: underline;\">Age<\/span>:\u00a0<span style=\"color: #0a3d62;\">13 ans\u00a0<\/span><\/li>\n<li><span style=\"text-decoration: underline;\">Ann\u00e9e scolaire<\/span>:\u00a0<span style=\"color: #0a3d62;\">9\u00e8me ann\u00e9e (\u00e9quivalent de la\u00a0troisi\u00e8me secondaire)<\/span><\/li>\n<li><span style=\"text-decoration: underline;\">Cours cette ann\u00e9e<\/span>:<span style=\"color: #0a3d62;\">\u00a0Allemand, fran\u00e7ais, citoyennet\u00e9 (morale), religion, sciences, g\u00e9ographie, anglais, maths et \u00e9ducation physique.<\/span><\/li>\n<\/ul>\n<\/li>\n<li><strong>Particularit\u00e9s de l&rsquo;\u00e9cole<\/strong>\n<ul>\n<li><span style=\"color: #0a3d62;\">A partir de la quatri\u00e8me, ils \u00e9tudient pour le certificat (GCSE &#8211; Certificat g\u00e9n\u00e9ral d&rsquo;\u00e9ducation secondaire). Ils ont alors la possibilit\u00e9 de choisir certains cours;<\/span><\/li>\n<li><span style=\"color: #0a3d62;\">Les ann\u00e9es scolaires ne sont pas divis\u00e9es comme chez nous.<\/span><\/li>\n<\/ul>\n<\/li>\n<li><strong>Description de la ville<\/strong>\n<ul>\n<li><span style=\"color: #0a3d62;\">Le surnom d&rsquo;Oxford c&rsquo;est \u00ab\u00a0La cit\u00e9 des clochers r\u00eavants\u00a0\u00bb car il y a beaucoup d&rsquo;\u00e9glises et de coll\u00e8ges;<\/span><\/li>\n<li><span style=\"color: #0a3d62;\">Oxford est souvent compar\u00e9 \u00e0 Venise car le Hertford Bridge (pont) est similaire au \u00ab\u00a0Pont des soupirs\u00a0\u00bb de Venise;<\/span><\/li>\n<li><span style=\"color: #0a3d62;\">Les visiteurs ne voyagent pas sur des gondoles mais sur des \u00ab\u00a0<em>punts<\/em>\u00ab\u00a0, des embarcations \u00e0 fond plat;<\/span><\/li>\n<li><span style=\"color: #0a3d62;\">Oxford est une ville avec une universit\u00e9. Les gens te demandent souvent si tu comptes aller \u00e0 l&rsquo;universit\u00e9 \u00e0 Oxford;<\/span><\/li>\n<\/ul>\n<\/li>\n<li><strong>Journ\u00e9e type<\/strong>\n<ul>\n<li><span style=\"color: #0a3d62;\">6h30 &#8211; Se leve;<\/span><\/li>\n<li><span style=\"color: #0a3d62;\">7h15 &#8211; Quitte la maison et prend 2 bus diff\u00e9rents;<\/span><\/li>\n<li><span style=\"color: #0a3d62;\">Marche la derni\u00e8re partie du trajet avec ses amis;<\/span><\/li>\n<li><span style=\"color: #0a3d62;\">8h25 &#8211; D\u00e9but de l&rsquo;\u00e9cole avec les pr\u00e9sences;<\/span><\/li>\n<li><span style=\"color: #0a3d62;\">8h45 &#8211; 15h05 &#8211; 5 cours + 50 minutes de d\u00eener;<\/span><\/li>\n<li><span style=\"color: #0a3d62;\">Elle mange habituellement \u00e0 la cantine scolaire (son picnic ou un repas sur place)<\/span><\/li>\n<\/ul>\n<\/li>\n<li><strong>Activit\u00e9s parascolaires<\/strong>\n<ul>\n<li><span style=\"color: #0a3d62;\">Beaucoup de clubs extra scolaires<\/span>\n<ul>\n<li><span style=\"color: #0a3d62;\">Basketball;<\/span><\/li>\n<li><span style=\"color: #0a3d62;\">Orchestre;<\/span><\/li>\n<li><span style=\"color: #0a3d62;\">Escrime;<\/span><\/li>\n<li><span style=\"color: #0a3d62;\">Trampoline;<\/span><\/li>\n<\/ul>\n<\/li>\n<li><span style=\"color: #0a3d62;\">Lundi &#8211; Street dance (elle a commenc\u00e9 en 7\u00e8me ann\u00e9e)<\/span><\/li>\n<li><span style=\"color: #0a3d62;\">Duke of Edinburgh<\/span>\n<ul>\n<li><span style=\"color: #0a3d62;\">Il y a trois parties: volontariat, physique et comp\u00e9tences;<\/span><\/li>\n<li><span style=\"color: #0a3d62;\">2 activit\u00e9s qui prennent 3 mois et une qui prend 6 mois;<\/span>\n<ul>\n<li><span style=\"color: #0a3d62;\">Physique = sports et activit\u00e9s physiques<\/span><\/li>\n<li><span style=\"color: #0a3d62;\">Skills = style de hobby (musique, apprendre \u00e0 cuisiner, classe d&rsquo;art, &#8230;<\/span><\/li>\n<\/ul>\n<\/li>\n<\/ul>\n<\/li>\n<\/ul>\n<\/li>\n<li><strong>Hobbies (extra scolaire)<\/strong>\n<ul>\n<li><span style=\"color: #0a3d62;\">En dehors de l&rsquo;\u00e9cole, elle aime aller en ville avec ses amis;<\/span><\/li>\n<li><span style=\"color: #0a3d62;\">Prend parfois le train pour aller jusqu&rsquo;\u00e0 Reading;<\/span><\/li>\n<li><span style=\"color: #0a3d62;\">Les jeudis &#8211; Pauline et ses amies vont \u00e0 l&rsquo;arm\u00e9e des cadets. C&rsquo;est une activit\u00e9 organis\u00e9e par l&rsquo;arm\u00e9e et ils y font des activit\u00e9s tels que des soldats:<\/span>\n<ul>\n<li><span style=\"color: #0a3d62;\">Sorties pr\u00e9vues le weekend;<\/span><\/li>\n<li><span style=\"color: #0a3d62;\">Apprentissage du tir;<\/span><\/li>\n<li><span style=\"color: #0a3d62;\">Obligation de porter un uniforme;<\/span><\/li>\n<li><span style=\"color: #0a3d62;\">L&rsquo;uniforme doit \u00eatre propre;<\/span><\/li>\n<\/ul>\n<\/li>\n<li><span style=\"color: #0a3d62;\">Elle y va depuis 2 ans et celle l&rsquo;aide \u00e0 rester organis\u00e9e et en forme.<\/span><\/li>\n<\/ul>\n<\/li>\n<\/ul>\n<hr \/>\n<p>&nbsp;<\/p>\n<div id=\"ConnectiveDocSignExtentionInstalled\" data-extension-version=\"1.0.4\"><\/div>\n<div id=\"ConnectiveDocSignExtentionInstalled\" data-extension-version=\"1.0.4\"><\/div>\n","protected":false},"excerpt":{"rendered":"<p>Table des mati\u00e8res Correction \u00ab\u00a0The English Venice\u00ab\u00a0 &#8230; 1. The English Venice Donn\u00e9es personnelles de Pauline Age:\u00a013 ans\u00a0 Ann\u00e9e scolaire:\u00a09\u00e8me ann\u00e9e (\u00e9quivalent de la\u00a0troisi\u00e8me secondaire) [&hellip;]<\/p>\n","protected":false},"author":2,"featured_media":0,"parent":22,"menu_order":0,"comment_status":"closed","ping_status":"closed","template":"","meta":{"footnotes":""},"class_list":["post-559","page","type-page","status-publish","hentry"],"_links":{"self":[{"href":"https:\/\/ilearnonline.be\/index.php\/wp-json\/wp\/v2\/pages\/559","targetHints":{"allow":["GET"]}}],"collection":[{"href":"https:\/\/ilearnonline.be\/index.php\/wp-json\/wp\/v2\/pages"}],"about":[{"href":"https:\/\/ilearnonline.be\/index.php\/wp-json\/wp\/v2\/types\/page"}],"author":[{"embeddable":true,"href":"https:\/\/ilearnonline.be\/index.php\/wp-json\/wp\/v2\/users\/2"}],"replies":[{"embeddable":true,"href":"https:\/\/ilearnonline.be\/index.php\/wp-json\/wp\/v2\/comments?post=559"}],"version-history":[{"count":4,"href":"https:\/\/ilearnonline.be\/index.php\/wp-json\/wp\/v2\/pages\/559\/revisions"}],"predecessor-version":[{"id":563,"href":"https:\/\/ilearnonline.be\/index.php\/wp-json\/wp\/v2\/pages\/559\/revisions\/563"}],"up":[{"embeddable":true,"href":"https:\/\/ilearnonline.be\/index.php\/wp-json\/wp\/v2\/pages\/22"}],"wp:attachment":[{"href":"https:\/\/ilearnonline.be\/index.php\/wp-json\/wp\/v2\/media?parent=559"}],"curies":[{"name":"wp","href":"https:\/\/api.w.org\/{rel}","templated":true}]}}